{"id":13,"date":"2024-01-04T15:54:37","date_gmt":"2024-01-04T15:54:37","guid":{"rendered":"https:\/\/adaletmedya.com.tr\/?page_id=13"},"modified":"2024-01-04T18:32:15","modified_gmt":"2024-01-04T18:32:15","slug":"ana-sayfa","status":"publish","type":"page","link":"https:\/\/adaletmedya.com.tr\/","title":{"rendered":"Ana Sayfa"},"content":{"rendered":"\t\t<div data-elementor-type=\"wp-page\" data-elementor-id=\"13\" class=\"elementor elementor-13\">\n\t\t\t\t<div class=\"elementor-element elementor-element-fe42c9e e-flex e-con-boxed e-con e-parent\" data-id=\"fe42c9e\" data-element_type=\"container\">\n\t\t\t\t\t<div class=\"e-con-inner\">\n\t\t\t\t<div class=\"elementor-element elementor-element-be25690 elementor-widget__width-initial elementor-widget elementor-widget-image\" data-id=\"be25690\" data-element_type=\"widget\" data-widget_type=\"image.default\">\n\t\t\t\t<div class=\"elementor-widget-container\">\n\t\t\t\t\t\t\t\t\t\t\t\t\t\t\t<img fetchpriority=\"high\" decoding=\"async\" width=\"500\" height=\"499\" src=\"https:\/\/adaletmedya.com.tr\/wp-content\/uploads\/2024\/01\/232png.png\" class=\"attachment-full size-full wp-image-51\" alt=\"\" srcset=\"https:\/\/adaletmedya.com.tr\/wp-content\/uploads\/2024\/01\/232png.png 500w, https:\/\/adaletmedya.com.tr\/wp-content\/uploads\/2024\/01\/232png-300x300.png 300w, https:\/\/adaletmedya.com.tr\/wp-content\/uploads\/2024\/01\/232png-150x150.png 150w\" sizes=\"(max-width: 500px) 100vw, 500px\" \/>\t\t\t\t\t\t\t\t\t\t\t\t\t\t\t<\/div>\n\t\t\t\t<\/div>\n\t\t<div class=\"elementor-element elementor-element-54d7049 e-con-full e-flex e-con e-child\" data-id=\"54d7049\" data-element_type=\"container\">\n\t\t\t\t<div class=\"elementor-element elementor-element-3f2afc7 elementor-widget elementor-widget-heading\" data-id=\"3f2afc7\" data-element_type=\"widget\" data-widget_type=\"heading.default\">\n\t\t\t\t<div class=\"elementor-widget-container\">\n\t\t\t\t\t<h2 class=\"elementor-heading-title elementor-size-default\">Adalet Medya<\/h2>\t\t\t\t<\/div>\n\t\t\t\t<\/div>\n\t\t\t\t<\/div>\n\t\t<div class=\"elementor-element elementor-element-3a51667 e-con-full e-flex e-con e-child\" data-id=\"3a51667\" data-element_type=\"container\">\n\t\t\t\t<div class=\"elementor-element elementor-element-a0b0481 elementor-widget__width-initial elementor-widget elementor-widget-button\" data-id=\"a0b0481\" data-element_type=\"widget\" data-widget_type=\"button.default\">\n\t\t\t\t<div class=\"elementor-widget-container\">\n\t\t\t\t\t\t\t\t\t<div class=\"elementor-button-wrapper\">\n\t\t\t\t\t<a class=\"elementor-button elementor-button-link elementor-size-sm elementor-animation-bounce-in\" href=\"https:\/\/adaletmedya.com.tr\/\">\n\t\t\t\t\t\t<span class=\"elementor-button-content-wrapper\">\n\t\t\t\t\t\t\t\t\t<span class=\"elementor-button-text\">Ana Sayfa\u200b<\/span>\n\t\t\t\t\t<\/span>\n\t\t\t\t\t<\/a>\n\t\t\t\t<\/div>\n\t\t\t\t\t\t\t\t<\/div>\n\t\t\t\t<\/div>\n\t\t\t\t<\/div>\n\t\t<div class=\"elementor-element elementor-element-b01485b e-con-full e-flex e-con e-child\" data-id=\"b01485b\" data-element_type=\"container\">\n\t\t\t\t<div class=\"elementor-element elementor-element-409ea86 elementor-widget elementor-widget-button\" data-id=\"409ea86\" data-element_type=\"widget\" data-widget_type=\"button.default\">\n\t\t\t\t<div class=\"elementor-widget-container\">\n\t\t\t\t\t\t\t\t\t<div class=\"elementor-button-wrapper\">\n\t\t\t\t\t<a class=\"elementor-button elementor-button-link elementor-size-sm elementor-animation-bounce-in\" href=\"https:\/\/adaletmedya.com.tr\/?page_id=135\">\n\t\t\t\t\t\t<span class=\"elementor-button-content-wrapper\">\n\t\t\t\t\t\t\t\t\t<span class=\"elementor-button-text\">\u0130leti\u015fim<\/span>\n\t\t\t\t\t<\/span>\n\t\t\t\t\t<\/a>\n\t\t\t\t<\/div>\n\t\t\t\t\t\t\t\t<\/div>\n\t\t\t\t<\/div>\n\t\t\t\t<\/div>\n\t\t<div class=\"elementor-element elementor-element-53a75df e-con-full e-flex e-con e-child\" data-id=\"53a75df\" data-element_type=\"container\">\n\t\t\t\t<div class=\"elementor-element elementor-element-80192b4 elementor-shape-rounded elementor-grid-0 elementor-widget elementor-widget-social-icons\" data-id=\"80192b4\" data-element_type=\"widget\" data-widget_type=\"social-icons.default\">\n\t\t\t\t<div class=\"elementor-widget-container\">\n\t\t\t\t\t\t\t<div class=\"elementor-social-icons-wrapper elementor-grid\">\n\t\t\t\t\t\t\t<span class=\"elementor-grid-item\">\n\t\t\t\t\t<a class=\"elementor-icon elementor-social-icon elementor-social-icon-facebook elementor-repeater-item-8fa05ee\" href=\"https:\/\/www.facebook.com\/adalettvcomtr\" target=\"_blank\">\n\t\t\t\t\t\t<span class=\"elementor-screen-only\">Facebook<\/span>\n\t\t\t\t\t\t<svg class=\"e-font-icon-svg e-fab-facebook\" viewBox=\"0 0 512 512\" xmlns=\"http:\/\/www.w3.org\/2000\/svg\"><path d=\"M504 256C504 119 393 8 256 8S8 119 8 256c0 123.78 90.69 226.38 209.25 245V327.69h-63V256h63v-54.64c0-62.15 37-96.48 93.67-96.48 27.14 0 55.52 4.84 55.52 4.84v61h-31.28c-30.8 0-40.41 19.12-40.41 38.73V256h68.78l-11 71.69h-57.78V501C413.31 482.38 504 379.78 504 256z\"><\/path><\/svg>\t\t\t\t\t<\/a>\n\t\t\t\t<\/span>\n\t\t\t\t\t\t\t<span class=\"elementor-grid-item\">\n\t\t\t\t\t<a class=\"elementor-icon elementor-social-icon elementor-social-icon-instagram elementor-repeater-item-238bc96\" href=\"https:\/\/www.instagram.com\/adalet.tv\/\" target=\"_blank\">\n\t\t\t\t\t\t<span class=\"elementor-screen-only\">Instagram<\/span>\n\t\t\t\t\t\t<svg class=\"e-font-icon-svg e-fab-instagram\" viewBox=\"0 0 448 512\" xmlns=\"http:\/\/www.w3.org\/2000\/svg\"><path d=\"M224.1 141c-63.6 0-114.9 51.3-114.9 114.9s51.3 114.9 114.9 114.9S339 319.5 339 255.9 287.7 141 224.1 141zm0 189.6c-41.1 0-74.7-33.5-74.7-74.7s33.5-74.7 74.7-74.7 74.7 33.5 74.7 74.7-33.6 74.7-74.7 74.7zm146.4-194.3c0 14.9-12 26.8-26.8 26.8-14.9 0-26.8-12-26.8-26.8s12-26.8 26.8-26.8 26.8 12 26.8 26.8zm76.1 27.2c-1.7-35.9-9.9-67.7-36.2-93.9-26.2-26.2-58-34.4-93.9-36.2-37-2.1-147.9-2.1-184.9 0-35.8 1.7-67.6 9.9-93.9 36.1s-34.4 58-36.2 93.9c-2.1 37-2.1 147.9 0 184.9 1.7 35.9 9.9 67.7 36.2 93.9s58 34.4 93.9 36.2c37 2.1 147.9 2.1 184.9 0 35.9-1.7 67.7-9.9 93.9-36.2 26.2-26.2 34.4-58 36.2-93.9 2.1-37 2.1-147.8 0-184.8zM398.8 388c-7.8 19.6-22.9 34.7-42.6 42.6-29.5 11.7-99.5 9-132.1 9s-102.7 2.6-132.1-9c-19.6-7.8-34.7-22.9-42.6-42.6-11.7-29.5-9-99.5-9-132.1s-2.6-102.7 9-132.1c7.8-19.6 22.9-34.7 42.6-42.6 29.5-11.7 99.5-9 132.1-9s102.7-2.6 132.1 9c19.6 7.8 34.7 22.9 42.6 42.6 11.7 29.5 9 99.5 9 132.1s2.7 102.7-9 132.1z\"><\/path><\/svg>\t\t\t\t\t<\/a>\n\t\t\t\t<\/span>\n\t\t\t\t\t\t\t<span class=\"elementor-grid-item\">\n\t\t\t\t\t<a class=\"elementor-icon elementor-social-icon elementor-social-icon-youtube elementor-repeater-item-4913f1c\" href=\"https:\/\/www.youtube.com\/@AdaletTVcomtr\" target=\"_blank\">\n\t\t\t\t\t\t<span class=\"elementor-screen-only\">Youtube<\/span>\n\t\t\t\t\t\t<svg class=\"e-font-icon-svg e-fab-youtube\" viewBox=\"0 0 576 512\" xmlns=\"http:\/\/www.w3.org\/2000\/svg\"><path d=\"M549.655 124.083c-6.281-23.65-24.787-42.276-48.284-48.597C458.781 64 288 64 288 64S117.22 64 74.629 75.486c-23.497 6.322-42.003 24.947-48.284 48.597-11.412 42.867-11.412 132.305-11.412 132.305s0 89.438 11.412 132.305c6.281 23.65 24.787 41.5 48.284 47.821C117.22 448 288 448 288 448s170.78 0 213.371-11.486c23.497-6.321 42.003-24.171 48.284-47.821 11.412-42.867 11.412-132.305 11.412-132.305s0-89.438-11.412-132.305zm-317.51 213.508V175.185l142.739 81.205-142.739 81.201z\"><\/path><\/svg>\t\t\t\t\t<\/a>\n\t\t\t\t<\/span>\n\t\t\t\t\t<\/div>\n\t\t\t\t\t\t<\/div>\n\t\t\t\t<\/div>\n\t\t\t\t<\/div>\n\t\t\t\t\t<\/div>\n\t\t\t\t<\/div>\n\t\t<div class=\"elementor-element elementor-element-7f744c6 e-flex e-con-boxed e-con e-parent\" data-id=\"7f744c6\" data-element_type=\"container\">\n\t\t\t\t\t<div class=\"e-con-inner\">\n\t\t<div class=\"elementor-element elementor-element-bc23d74 e-con-full e-flex e-con e-child\" data-id=\"bc23d74\" data-element_type=\"container\">\n\t\t\t\t<div class=\"elementor-element elementor-element-aaeebc6 elementor-widget elementor-widget-image\" data-id=\"aaeebc6\" data-element_type=\"widget\" data-widget_type=\"image.default\">\n\t\t\t\t<div class=\"elementor-widget-container\">\n\t\t\t\t\t\t\t\t\t\t\t\t\t\t\t<img decoding=\"async\" width=\"403\" height=\"282\" src=\"https:\/\/adaletmedya.com.tr\/wp-content\/uploads\/2024\/01\/lens-cesitleri.jpg\" class=\"attachment-large size-large wp-image-56\" alt=\"\" srcset=\"https:\/\/adaletmedya.com.tr\/wp-content\/uploads\/2024\/01\/lens-cesitleri.jpg 403w, https:\/\/adaletmedya.com.tr\/wp-content\/uploads\/2024\/01\/lens-cesitleri-300x210.jpg 300w\" sizes=\"(max-width: 403px) 100vw, 403px\" \/>\t\t\t\t\t\t\t\t\t\t\t\t\t\t\t<\/div>\n\t\t\t\t<\/div>\n\t\t\t\t<\/div>\n\t\t<div class=\"elementor-element elementor-element-cba82e1 e-con-full e-flex e-con e-child\" data-id=\"cba82e1\" data-element_type=\"container\">\n\t\t\t\t<div class=\"elementor-element elementor-element-3d08c9c elementor-widget elementor-widget-text-editor\" data-id=\"3d08c9c\" data-element_type=\"widget\" data-widget_type=\"text-editor.default\">\n\t\t\t\t<div class=\"elementor-widget-container\">\n\t\t\t\t\t\t\t\t\t<p><strong>Adalet Medya Grubu<\/strong>, b\u00f6lgesel medya sahnesindeki etkileyici varl\u0131\u011f\u0131, kaliteli i\u00e7erikleri ve topluma duydu\u011fu sorumlulukla \u00f6ne \u00e7\u0131kmaktad\u0131r. Gelecekte de medya sekt\u00f6r\u00fcndeki liderli\u011fini s\u00fcrd\u00fcrecek olan Adalet Medya Grubu, izleyicilerine daha fazla i\u00e7erik ve daha g\u00fc\u00e7l\u00fc bir medya deneyimi sunmaya devam edecektir.<\/p><p><strong>Adalet Medya Grubu<\/strong>&#8216;nun \u00f6ne \u00e7\u0131kan \u00f6zelliklerinden biri de toplumun nabz\u0131n\u0131 tutarak, \u00f6nemli konular\u0131 g\u00fcndeme ta\u015f\u0131ma cesareti ve sorumlulu\u011fudur. Siyasi meselelerden ekonomiye, k\u00fclt\u00fcrden spor haberlerine kadar geni\u015f bir perspektifle ele al\u0131nan konular, Adalet Medya Grubu&#8217;nun izleyici kitlesiyle g\u00fc\u00e7l\u00fc bir ba\u011f kurmas\u0131na olanak tan\u0131maktad\u0131r.<\/p>\t\t\t\t\t\t\t\t<\/div>\n\t\t\t\t<\/div>\n\t\t\t\t<\/div>\n\t\t\t\t\t<\/div>\n\t\t\t\t<\/div>\n\t\t<div class=\"elementor-element elementor-element-b205632 e-flex e-con-boxed e-con e-parent\" data-id=\"b205632\" data-element_type=\"container\">\n\t\t\t\t\t<div class=\"e-con-inner\">\n\t\t\t\t<div class=\"elementor-element elementor-element-e2de9df elementor-widget elementor-widget-heading\" data-id=\"e2de9df\" data-element_type=\"widget\" data-widget_type=\"heading.default\">\n\t\t\t\t<div class=\"elementor-widget-container\">\n\t\t\t\t\t<h2 class=\"elementor-heading-title elementor-size-default\">Hakk\u0131m\u0131zda<\/h2>\t\t\t\t<\/div>\n\t\t\t\t<\/div>\n\t\t\t\t\t<\/div>\n\t\t\t\t<\/div>\n\t\t<div class=\"elementor-element elementor-element-2be4df9 e-flex e-con-boxed e-con e-parent\" data-id=\"2be4df9\" data-element_type=\"container\">\n\t\t\t\t\t<div class=\"e-con-inner\">\n\t\t\t\t<div class=\"elementor-element elementor-element-7badde4 elementor-widget elementor-widget-text-editor\" data-id=\"7badde4\" data-element_type=\"widget\" data-widget_type=\"text-editor.default\">\n\t\t\t\t<div class=\"elementor-widget-container\">\n\t\t\t\t\t\t\t\t\t<p>Ge\u00e7mi\u015ften bug\u00fcne, Adalet Medya Grubu, ileti\u015fim ve medya sekt\u00f6r\u00fcndeki deneyimi ile ad\u0131ndan s\u00f6z ettirmeyi ba\u015farm\u0131\u015ft\u0131r. 2023 y\u0131l\u0131nda \u0130zmit&#8217;te ger\u00e7ekle\u015ftirdi\u011fi \u00f6nemli ad\u0131mlarla, Adalet TV ve Gebze TV adl\u0131 iki farkl\u0131 yay\u0131n kanal\u0131n\u0131 hayata ge\u00e7irmi\u015f ve b\u00f6ylece b\u00f6lgede geni\u015f bir kitleye hitap etme f\u0131rsat\u0131n\u0131 elde etmi\u015ftir.<\/p><p>Adalet TV ve Gebze TV&#8217;nin canl\u0131 yay\u0131n ak\u0131\u015flar\u0131, siyasetten k\u00fclt\u00fcr-sanata, g\u00fcncel haberlerden toplumsal konulara kadar geni\u015f bir yelpazede i\u00e7erik sunarak izleyicileri bilgilendirmekte ve etkilemektedir. Adalet Medya Grubu, bu yay\u0131nlar\u0131yla izleyici kitlesine g\u00fcvenilir, tarafs\u0131z ve kaliteli i\u00e7erik sunma hedefini ba\u015far\u0131yla ger\u00e7ekle\u015ftirmektedir.<\/p><p>Kurulu\u015fun misyonu, adaletin ve do\u011frulu\u011fun savunucusu olarak medya alan\u0131nda varl\u0131k g\u00f6stermektir. Bu do\u011frultuda, Adalet Medya Grubu, izleyicilere d\u00fcr\u00fcst, tarafs\u0131z ve kaliteli habercilik anlay\u0131\u015f\u0131n\u0131 benimseyerek, toplumun bilin\u00e7lenmesine ve demokratik de\u011ferlerin g\u00fc\u00e7lenmesine katk\u0131da bulunmaktad\u0131r.<\/p>\t\t\t\t\t\t\t\t<\/div>\n\t\t\t\t<\/div>\n\t\t\t\t\t<\/div>\n\t\t\t\t<\/div>\n\t\t<div class=\"elementor-element elementor-element-e3383a2 e-flex e-con-boxed e-con e-parent\" data-id=\"e3383a2\" data-element_type=\"container\">\n\t\t\t\t\t<div class=\"e-con-inner\">\n\t\t\t\t<div class=\"elementor-element elementor-element-0fa93c9 elementor-widget elementor-widget-heading\" data-id=\"0fa93c9\" data-element_type=\"widget\" data-widget_type=\"heading.default\">\n\t\t\t\t<div class=\"elementor-widget-container\">\n\t\t\t\t\t<h2 class=\"elementor-heading-title elementor-size-default\">Hizmetlerimiz<\/h2>\t\t\t\t<\/div>\n\t\t\t\t<\/div>\n\t\t\t\t\t<\/div>\n\t\t\t\t<\/div>\n\t\t<div class=\"elementor-element elementor-element-c22c28e e-flex e-con-boxed e-con e-parent\" data-id=\"c22c28e\" data-element_type=\"container\">\n\t\t\t\t\t<div class=\"e-con-inner\">\n\t\t<div class=\"elementor-element elementor-element-70818ed e-con-full e-flex e-con e-child\" data-id=\"70818ed\" data-element_type=\"container\">\n\t\t\t\t<div class=\"elementor-element elementor-element-1f41096 elementor-widget elementor-widget-image\" data-id=\"1f41096\" data-element_type=\"widget\" data-widget_type=\"image.default\">\n\t\t\t\t<div class=\"elementor-widget-container\">\n\t\t\t\t\t\t\t\t\t\t\t\t\t\t\t<img decoding=\"async\" width=\"865\" height=\"486\" src=\"https:\/\/adaletmedya.com.tr\/wp-content\/uploads\/2024\/01\/secim-sandik.jpg\" class=\"attachment-large size-large wp-image-63\" alt=\"\" srcset=\"https:\/\/adaletmedya.com.tr\/wp-content\/uploads\/2024\/01\/secim-sandik.jpg 865w, https:\/\/adaletmedya.com.tr\/wp-content\/uploads\/2024\/01\/secim-sandik-300x169.jpg 300w, https:\/\/adaletmedya.com.tr\/wp-content\/uploads\/2024\/01\/secim-sandik-768x432.jpg 768w\" sizes=\"(max-width: 865px) 100vw, 865px\" \/>\t\t\t\t\t\t\t\t\t\t\t\t\t\t\t<\/div>\n\t\t\t\t<\/div>\n\t\t<div class=\"elementor-element elementor-element-2827303 e-con-full e-flex e-con e-child\" data-id=\"2827303\" data-element_type=\"container\">\n\t\t\t\t<div class=\"elementor-element elementor-element-fba40d0 elementor-widget elementor-widget-text-editor\" data-id=\"fba40d0\" data-element_type=\"widget\" data-widget_type=\"text-editor.default\">\n\t\t\t\t<div class=\"elementor-widget-container\">\n\t\t\t\t\t\t\t\t\t<p>Siyasi adaylar i\u00e7in kendi st\u00fcdyomuzda canl\u0131 yay\u0131n imkan\u0131, foto\u011fraf ve tan\u0131t\u0131m videosu \u00e7ekim hizmeti sunmaktay\u0131z.<\/p>\t\t\t\t\t\t\t\t<\/div>\n\t\t\t\t<\/div>\n\t\t\t\t<\/div>\n\t\t\t\t<\/div>\n\t\t<div class=\"elementor-element elementor-element-11edad4 e-con-full e-flex e-con e-child\" data-id=\"11edad4\" data-element_type=\"container\">\n\t\t\t\t<div class=\"elementor-element elementor-element-15e2897 elementor-widget elementor-widget-image\" data-id=\"15e2897\" data-element_type=\"widget\" data-widget_type=\"image.default\">\n\t\t\t\t<div class=\"elementor-widget-container\">\n\t\t\t\t\t\t\t\t\t\t\t\t\t\t\t<img loading=\"lazy\" decoding=\"async\" width=\"1024\" height=\"576\" src=\"https:\/\/adaletmedya.com.tr\/wp-content\/uploads\/2024\/01\/sosyal-medya-1977226-1024x576.jpg\" class=\"attachment-large size-large wp-image-64\" alt=\"\" srcset=\"https:\/\/adaletmedya.com.tr\/wp-content\/uploads\/2024\/01\/sosyal-medya-1977226-1024x576.jpg 1024w, https:\/\/adaletmedya.com.tr\/wp-content\/uploads\/2024\/01\/sosyal-medya-1977226-300x169.jpg 300w, https:\/\/adaletmedya.com.tr\/wp-content\/uploads\/2024\/01\/sosyal-medya-1977226-768x432.jpg 768w, https:\/\/adaletmedya.com.tr\/wp-content\/uploads\/2024\/01\/sosyal-medya-1977226.jpg 1280w\" sizes=\"(max-width: 1024px) 100vw, 1024px\" \/>\t\t\t\t\t\t\t\t\t\t\t\t\t\t\t<\/div>\n\t\t\t\t<\/div>\n\t\t\t\t<div class=\"elementor-element elementor-element-df4e8f5 elementor-widget elementor-widget-text-editor\" data-id=\"df4e8f5\" data-element_type=\"widget\" data-widget_type=\"text-editor.default\">\n\t\t\t\t<div class=\"elementor-widget-container\">\n\t\t\t\t\t\t\t\t\t<p>Sosyal medya y\u00f6netimi<\/p>\t\t\t\t\t\t\t\t<\/div>\n\t\t\t\t<\/div>\n\t\t\t\t<\/div>\n\t\t<div class=\"elementor-element elementor-element-4da0585 e-con-full e-flex e-con e-child\" data-id=\"4da0585\" data-element_type=\"container\">\n\t\t\t\t<div class=\"elementor-element elementor-element-3a1486f elementor-widget elementor-widget-image\" data-id=\"3a1486f\" data-element_type=\"widget\" data-widget_type=\"image.default\">\n\t\t\t\t<div class=\"elementor-widget-container\">\n\t\t\t\t\t\t\t\t\t\t\t\t\t\t\t<img loading=\"lazy\" decoding=\"async\" width=\"1000\" height=\"665\" src=\"https:\/\/adaletmedya.com.tr\/wp-content\/uploads\/2024\/01\/product-photographer-with-camera-studio_23-2148970.png\" class=\"attachment-large size-large wp-image-69\" alt=\"\" srcset=\"https:\/\/adaletmedya.com.tr\/wp-content\/uploads\/2024\/01\/product-photographer-with-camera-studio_23-2148970.png 1000w, https:\/\/adaletmedya.com.tr\/wp-content\/uploads\/2024\/01\/product-photographer-with-camera-studio_23-2148970-300x200.png 300w, https:\/\/adaletmedya.com.tr\/wp-content\/uploads\/2024\/01\/product-photographer-with-camera-studio_23-2148970-768x511.png 768w\" sizes=\"(max-width: 1000px) 100vw, 1000px\" \/>\t\t\t\t\t\t\t\t\t\t\t\t\t\t\t<\/div>\n\t\t\t\t<\/div>\n\t\t\t\t<div class=\"elementor-element elementor-element-61df3e1 elementor-widget elementor-widget-text-editor\" data-id=\"61df3e1\" data-element_type=\"widget\" data-widget_type=\"text-editor.default\">\n\t\t\t\t<div class=\"elementor-widget-container\">\n\t\t\t\t\t\t\t\t\t<p>\u00dcr\u00fcn Foto\u011fraf\u00e7\u0131l\u0131\u011f\u0131<\/p>\t\t\t\t\t\t\t\t<\/div>\n\t\t\t\t<\/div>\n\t\t\t\t<\/div>\n\t\t<div class=\"elementor-element elementor-element-be9803c e-con-full e-flex e-con e-child\" data-id=\"be9803c\" data-element_type=\"container\">\n\t\t\t\t<div class=\"elementor-element elementor-element-ce33d7a elementor-widget elementor-widget-image\" data-id=\"ce33d7a\" data-element_type=\"widget\" data-widget_type=\"image.default\">\n\t\t\t\t<div class=\"elementor-widget-container\">\n\t\t\t\t\t\t\t\t\t\t\t\t\t\t\t<img loading=\"lazy\" decoding=\"async\" width=\"1024\" height=\"512\" src=\"https:\/\/adaletmedya.com.tr\/wp-content\/uploads\/2024\/01\/website-construction-1024x512.jpg\" class=\"attachment-large size-large wp-image-70\" alt=\"\" srcset=\"https:\/\/adaletmedya.com.tr\/wp-content\/uploads\/2024\/01\/website-construction-1024x512.jpg 1024w, https:\/\/adaletmedya.com.tr\/wp-content\/uploads\/2024\/01\/website-construction-300x150.jpg 300w, https:\/\/adaletmedya.com.tr\/wp-content\/uploads\/2024\/01\/website-construction-768x384.jpg 768w, https:\/\/adaletmedya.com.tr\/wp-content\/uploads\/2024\/01\/website-construction.jpg 1200w\" sizes=\"(max-width: 1024px) 100vw, 1024px\" \/>\t\t\t\t\t\t\t\t\t\t\t\t\t\t\t<\/div>\n\t\t\t\t<\/div>\n\t\t\t\t<div class=\"elementor-element elementor-element-e6da501 elementor-widget elementor-widget-text-editor\" data-id=\"e6da501\" data-element_type=\"widget\" data-widget_type=\"text-editor.default\">\n\t\t\t\t<div class=\"elementor-widget-container\">\n\t\t\t\t\t\t\t\t\t<p>Web Site Tasar\u0131m\u0131<\/p>\t\t\t\t\t\t\t\t<\/div>\n\t\t\t\t<\/div>\n\t\t\t\t<\/div>\n\t\t\t\t\t<\/div>\n\t\t\t\t<\/div>\n\t\t\t\t<\/div>\n\t\t","protected":false},"excerpt":{"rendered":"<p>Adalet Medya Ana Sayfa\u200b \u0130leti\u015fim Facebook Instagram Youtube Adalet Medya Grubu, b\u00f6lgesel medya sahnesindeki etkileyici varl\u0131\u011f\u0131, kaliteli i\u00e7erikleri ve topluma duydu\u011fu sorumlulukla \u00f6ne \u00e7\u0131kmaktad\u0131r. Gelecekte de medya sekt\u00f6r\u00fcndeki liderli\u011fini s\u00fcrd\u00fcrecek olan Adalet Medya Grubu, izleyicilerine daha fazla i\u00e7erik ve daha g\u00fc\u00e7l\u00fc bir medya deneyimi sunmaya devam edecektir. Adalet Medya Grubu&#8216;nun \u00f6ne \u00e7\u0131kan \u00f6zelliklerinden biri de [&hellip;]<\/p>\n","protected":false},"author":1,"featured_media":0,"parent":0,"menu_order":0,"comment_status":"closed","ping_status":"closed","template":"elementor_canvas","meta":{"_themeisle_gutenberg_block_has_review":false,"footnotes":""},"class_list":["post-13","page","type-page","status-publish","hentry"],"_links":{"self":[{"href":"https:\/\/adaletmedya.com.tr\/index.php?rest_route=\/wp\/v2\/pages\/13","targetHints":{"allow":["GET"]}}],"collection":[{"href":"https:\/\/adaletmedya.com.tr\/index.php?rest_route=\/wp\/v2\/pages"}],"about":[{"href":"https:\/\/adaletmedya.com.tr\/index.php?rest_route=\/wp\/v2\/types\/page"}],"author":[{"embeddable":true,"href":"https:\/\/adaletmedya.com.tr\/index.php?rest_route=\/wp\/v2\/users\/1"}],"replies":[{"embeddable":true,"href":"https:\/\/adaletmedya.com.tr\/index.php?rest_route=%2Fwp%2Fv2%2Fcomments&post=13"}],"version-history":[{"count":77,"href":"https:\/\/adaletmedya.com.tr\/index.php?rest_route=\/wp\/v2\/pages\/13\/revisions"}],"predecessor-version":[{"id":145,"href":"https:\/\/adaletmedya.com.tr\/index.php?rest_route=\/wp\/v2\/pages\/13\/revisions\/145"}],"wp:attachment":[{"href":"https:\/\/adaletmedya.com.tr\/index.php?rest_route=%2Fwp%2Fv2%2Fmedia&parent=13"}],"curies":[{"name":"wp","href":"https:\/\/api.w.org\/{rel}","templated":true}]}}